04?
4
What is the tens digit of 3001?
0
What is the hundreds digit of 243?
2
What is the units digit of 11548?
8
What is the hundreds digit of 1327?
3
What is the thousands digit of 2343?
2
What is the tens digit of 2020?
2
What is the thousands digit of 5748?
5
What is the units digit of 575?
5
What is the tens digit of 22834?
3
What is the ten thousands digit of 18987?
1
What is the thousands digit of 102213?
2
What is the units digit of 1955?
5
What is the units digit of 2271?
1
What is the hundreds digit of 124599?
5
What is the thousands digit of 158969?
8
What is the hundreds digit of 184?
1
What is the thousands digit of 58194?
8
What is the thousands digit of 5352?
5
What is the units digit of 3423?
3
What is the tens digit of 2819?
1
What is the units digit of 3854?
4
What is the thousands digit of 1064?
1
What is the tens digit of 1296?
9
What is the units digit of 866?
6
What is the units digit of 1207?
7
What is the units digit of 2905?
5
What is the hundreds digit of 7043?
0
What is the hundreds digit of 218?
2
What is the units digit of 3724?
4
What is the units digit of 62435?
5
What is the hundreds digit of 1918?
9
What is the hundreds digit of 9258?
2
What is the tens digit of 4512?
1
What is the thousands digit of 4766?
4
What is the hundreds digit of 14576?
5
What is the tens digit of 4232?
3
What is the tens digit of 45177?
7
What is the hundreds digit of 10722?
7
What is the hundreds digit of 737?
7
What is the tens digit of 47475?
7
What is the thousands digit of 2191?
2
What is the hundreds digit of 2296?
2
What is the tens digit of 14652?
5
What is the units digit of 7554?
4
What is the thousands digit of 53789?
3
What is the ten thousands digit of 77462?
7
What is the hundreds digit of 2113?
1
What is the tens digit of 3114?
1
What is the units digit of 2389?
9
What is the tens digit of 702?
0
What is the thousands digit of 39780?
9
What is the units digit of 5408?
8
What is the thousands digit of 38171?
8
What is the units digit of 4443?
3
What is the tens digit of 27817?
1
What is the thousands digit of 10853?
0
What is the units digit of 1060?
0
What is the units digit of 963?
3
What is the hundreds digit of 463?
4
What is the thousands digit of 14102?
4
What is the units digit of 1766?
6
What is the thousands digit of 14408?
4
What is the tens digit of 116?
1
What is the units digit of 500?
0
What is the hundreds digit of 36731?
7
What is the tens digit of 21460?
6
What is the units digit of 1647?
7
What is the hundreds digit of 245?
2
What is the thousands digit of 1412?
1
What is the tens digit of 8437?
3
What is the ten thousands digit of 16817?
1
What is the units digit of 709?
9
What is the thousands digit of 1404?
1
What is the thousands digit of 5925?
5
What is the units digit of 2042?
2
What is the thousands digit of 3313?
3
What is the thousands digit of 2628?
2
What is the thousands digit of 15043?
5
What is the thousands digit of 4349?
4
What is the thousands digit of 1711?
1
What is the thousands digit of 5563?
5
What is the thousands digit of 29860?
9
What is the units digit of 5211?
1
What is the tens digit of 17594?
9
What is the units digit of 2101?
1
What is the hundreds digit of 135?
1
What is the hundreds digit of 13528?
5
What is the units digit of 1636?
6
What is the hundreds digit of 3338?
3
What is the tens digit of 962?
6
What is the units digit of 2001?
1
What is the tens digit of 812?
1
What is the hundreds digit of 846?
8
What is the tens digit of 75416?
1
What is the hundreds digit of 9464?
4
What is the thousands digit of 44657?
4
What is the thousands digit of 13423?
3
What is the hundreds digit of 86712?
7
What is the tens digit of 537?
3
What is the thousands digit of 35937?
5
What is the units digit of 1389?
9
What is the thousands digit of 1566?
1
What is the tens digit of 46?
4
What is the hundreds digit of 4306?
3
What is the hundreds digit of 790?
7
What is the units digit of 1522?
2
What is the hundreds digit of 5489?
4
What is the thousands digit of 6200?
6
What is the units digit of 2343?
3
What is the thousands digit of 33962?
3
What is the thousands digit of 1028?
1
What is the units digit of 1606?
6
What is the hundred thousands digit of 132451?
1
What is the thousands digit of 1164?
1
What is the units digit of 69857?
7
What is the units digit of 592?
2
What is the thousands digit of 10553?
0
What is the hundreds digit of 31042?
0
What is the hundreds digit of 4028?
0
What is the tens digit of 1912?
1
What is the hundreds digit of 16383?
3
What is the hundreds digit of 16588?
5
What is the tens digit of 27666?
6
What is the units digit of 27950?
0
What is the thousands digit of 20316?
0
What is the thousands digit of 11037?
1
What is the tens digit of 26829?
2
What is the units digit of 30?
0
What is the hundreds digit of 107589?
5
What is the hundreds digit of 5763?
7
What is the thousands digit of 15640?
5
What is the hundreds digit of 10938?
9
What is the tens digit of 927?
2
What is the hundreds digit of 15035?
0
What is the tens digit of 924?
2
What is the thousands digit of 14905?
4
What is the units digit of 1092?
2
What is the units digit of 2249?
9
What is the tens digit of 69756?
5
What is the thousands digit of 1594?
1
What is the tens digit of 59?
5
What is the hundreds digit of 1958?
9
What is the hundreds digit of 209?
2
What is the hundreds digit of 27594?
5
What is the thousands digit of 62257?
2
What is the thousands digit of 2288?
2
What is the units digit of 2450?
0
What is the hundreds digit of 3649?
6
What is the units digit of 8901?
1
What is the hundreds digit of 3920?
9
What is the thousands digit of 35486?
5
What is the tens digit of 140?
4
What is the units digit of 16492?
2
What is the hundreds digit of 4110?
1
What is the hundreds digit of 2464?
4
What is the units digit of 88328?
8
What is the thousands digit of 12084?
2
What is the hundreds digit of 3372?
3
What is the tens digit of 117966?
6
What is the thousands digit of 6703?
6
What is the hundreds digit of 42987?
9
What is the tens digit of 380?
8
What is the thousands digit of 8245?
8
What is the hundreds digit of 361?
3
What is the thousands digit of 3998?
3
What is the hundreds digit of 1081?
0
What is the units digit of 11157?
7
What is the tens digit of 2963?
6
What is the hundreds digit of 1162?
1
What is the tens digit of 18102?
0
What is the hundreds digit of 17386?
3
What is the hundreds digit of 4144?
1
What is the units digit of 19440?
0
What is the thousands digit of 1638?
1
What is the ten thousands digit of 79250?
7
What is the units digit of 8785?
5
What is the thousands digit of 1126?
1
What is the ten thousands digit of 13126?
1
What is the units digit of 7988?
8
What is the ten thousands digit of 84594?
8
What is the hundreds digit of 144992?
9
What is the tens digit of 106889?
8
What is the tens digit of 435?
3
What is the units digit of 2239?
9
What is the ten thousands digit of 32321?
3
What is the thousands digit of 1437?
1
What is the units digit of 35818?
8
What is the ten thousands digit of 10205?
1
What is the hundreds digit of 19144?
1
What is the units digit of 45796?
6
What is the hundreds digit of 5192?
1
What is the tens digit of 72185?
8
What is the tens digit of 2514?
1
What is the units digit of 194?
4
What is the thousands digit of 4981?
4
What is the tens digit of 9638?
3
What is the units digit of 1475?
5
What is the thousands digit of 1448?
1
What is the units digit of 43195?
5
What is the units digit of 342?
2
What is the units digit of 137521?
1
What is the units digit of 41587?
7
What is the units digit of 22855?
5
What is the hundreds digit of 5277?
2
What is the hundred thousands digit of 106923?
1
What is the hundreds digit of 157556?
5
What is the units digit of 15101?
1
What is the units digit of 30093?
3
What is the thousands digit of 85538?
5
What is the thousands digit of 2173?
2
What is the hundreds digit of 1435?
4
What is the units digit of 1392?
2
What is the thousands digit of 31163?
1
What is the thousands digit of 1116?
1
What is the tens digit of 4640?
4
What is the hundreds digit of 30198?
1
What is the hundreds digit of 439?
4
What is the tens digit of 113633?
3
What is the units digit of 6679?
9
What is the hundreds digit of